)?
1
Let c(u) = -10*u - 10 + 3 - 8*u. What is the tens digit of c(-3)?
4
Suppose 4*i - 70 - 50 = 0. Suppose 0 = 3*c + k + 77, c - 5*k + k + i = 0. Let z = c - -36. What is the units digit of z?
0
Let q = -24 - -24. Suppose q = 2*d - 0*d. Suppose -5*x + 13 + 82 = d. What is the units digit of x?
9
Suppose 88*j + 4 = 84*j. What is the hundreds digit of (102 - j)*(1 + 0) + -2?
1
Let q(a) = -a**2 - 20*a - 15. Let h be q(-19). Suppose -y + 0*y + 47 = z, -3*y = h*z - 188. What is the tens digit of z?
4
Suppose -3 + 74 = a. Let c be a/7 - (-2)/(-14). What is the tens digit of ((-108)/c)/((-6)/15)?
2
Let r(q) be the first derivative of -q**3 + 7/2*q**2 + 1/4*q**4 - 6*q - 5. What is the tens digit of r(4)?
3
Suppose m = -9 - 0. Let v = 21 + m. What is the units digit of 3/(1*v/8)?
2
Let i be (1 - 178)/(-7 + (1 - -5)). What is the tens digit of 32/(-12)*i/(-4)?
1
Suppose 10*d = 7*d - 24. What is the tens digit of 25/(d + 3) + 53?
4
Let k(s) = -s**3 + 45. Let g be k(0). Let t = -195 + g. Let i = -90 - t. What is the tens digit of i?
6
Suppose 12*y - 20 = 8*y. What is the tens digit of (0 - y/2)/((-2)/20)?
2
Let h = -23 + 23. Suppose -2*q - 4*v = -12, -3*q - 3*v - 2*v + 15 = h. What is the units digit of -2*6/(-2 - q)?
6
Let p(g) = 5*g + 33. Let n be p(-6). Suppose 207 = y - 4*b, n*b + 804 = 4*y - b. What is the tens digit of y?
9
Suppose 0*i = 3*i. Suppose -2*y = -i - 8. Suppose -r = -y*r + 63. What is the tens digit of r?
2
Let n(v) = 4*v**2 + 3*v - 6. What is the tens digit of n(3)?
3
Let g be 386*(6/4)/(-3). What is the tens digit of (g/(-5) - -2) + 10/25?
4
Let c = 17 - 9. Suppose 4*x = c*x - 52. Let b = x + -10. What is the units digit of b?
3
Suppose s - 6*s = -10. Suppose 4*u + s = 2*u. What is the units digit of u/(3/(-45)*1)?
5
Suppose -5*y = y - 1572. What is the tens digit of y?
6
Let t(z) = 2*z + 1. Let d be t(-5). Let f be (-26)/d - (-6)/54. Suppose v + 1 = 0, f*v + 6 = 2*r - 107. What is the units digit of r?
5
Suppose 2*p + 3*p = 20. Let q(v) = -v. Let x be q(2). Let n = p - x. What is the units digit of n?
6
Suppose -11*s - 15 = -6*s. What is the tens digit of s*(-68)/3 - 4?
6
Suppose -3*c - 1475 = 2*c. Let i(q) = -3*q + 27. Let z be i(14). What is the tens digit of c/z - 4/6?
1
Let d(x) = 0 - 1 + 5*x + 4. Let l(k) = 12*k - 50. Let z be l(5). What is the tens digit of d(z)?
5
Let f(u) = u**2 + 8*u + 4. Let o be f(-7). Let l be -1 + 16/(-12)*o. Suppose l*j - g = 9 + 4, 4*g = 4*j - 20. What is the units digit of j?
4
Let y = -110 - -2474. What is the tens digit of y?
6
Suppose 0 = -10*a + 14*a - 192. Suppose 45*j - 49*j = -a. What is the units digit of j?
2
Let m(b) = b**2 - 5*b - 69. What is the hundreds digit of m(-13)?
1
Let y = 12 + -8. Suppose -2*t - 2*t = 4*h - 112, -112 = -y*h - 3*t. What is the tens digit of 14/((32/h)/4)?
4
Suppose 0 = 5*m, -2*y - 4*m = -y - 4. Suppose r + 2 = y. Suppose -50 = 5*h - 6*h - r*p, 3*h - 5*p - 128 = 0. What is the units digit of h?
6
Let u = -3 - -6. Suppose -43 = -4*g - u. Suppose o + 0*o + x = -3, g = -5*o - 4*x. What is the units digit of o?
2
Let a(m) = -33*m - 70. What is the tens digit of a(-27)?
2
Let m = 47 - 99. Let l = m + 113. Suppose 5*n - n - l = -s, 3*n + 3*s = 57. What is the tens digit of n?
1
Let x = 74 + -18. Suppose -x = -5*k + 209. What is the tens digit of k?
5
Suppose 0 = 5*p + 11*h - 15*h - 2555, -5*h = 2*p - 1022. What is the tens digit of p?
1
Let r(m) = -m**2 - 2*m**2 + 0 - 2*m**3 - 4*m - 3 + m**2. What is the units digit of r(-3)?
5
Let w = 1958 - 517. What is the thousands digit of w?
1
Let h be 2 + (-60)/(-9)*(-114)/(-5). Suppose 5*k = 2*c + c - h, -2*c + 104 = -2*k. What is the units digit of c?
3
Let t(g) = g**2 - 36*g - 4. What is the tens digit of t(45)?
0
Let p be (10/(-15))/(-1) + (-4)/6. Suppose -5*s + 2*i + 4 = 0, -3*s - 5*i + 5 + 16 = p. What is the units digit of s?
2
Suppose 116*k - 124*k + 7184 = 0. What is the tens digit of k?
9
Suppose 0 = -14*g + 10*g + 52. Let m(v) = -v**3 + 14*v**2 - 5*v + 24. What is the units digit of m(g)?
8
Let v(s) = 48*s**3 + s - 1. Let f be v(1). Suppose -3*r = -5*z + 109, 5*r + 0*z + 159 = -3*z. Let d = r + f. What is the tens digit of d?
1
Let s = 74 - -60. What is the tens digit of s?
3
What is the tens digit of (-1)/(6216/2073 - 3)?
9
Let a(o) = -o**3 - 5*o**2 - 5*o - 7. Let n be a(-4). Let f = -11 - -19. Let g = f - n. What is the units digit of g?
1
Suppose -2*s - 23 = -3*q, -4*q = q + 3*s - 13. Suppose -f - 4*c = 1, -5*f + q*c + 20 = -0*c. Suppose -5*a + 63 = f. What is the tens digit of a?
1
Let w = -67 + 65. Let h(b) = 2*b**2 + 1. Let r(l) = 7*l**2 - l + 3. Let d(c) = 9*h(c) - 2*r(c). What is the units digit of d(w)?
5
What is the units digit of 3/((-45)/(-2)) - (-110864)/120?
4
Let j(w) = 5*w - 2. Let c be j(7). Suppose -s - 2*a = 3*a + 22, -a = 0. Let m = c + s. What is the tens digit of m?
1
Suppose -2*u - 4*j = -2496, -8*j - 4940 = -4*u - 3*j. What is the units digit of u?
0
Let a be (-426)/2*3/(-3). Let p be (a/12)/((-4)/(-16)). Suppose 0 = -5*w + w + 3*t + 98, t = 3*w - p. What is the tens digit of w?
2
Let s(u) = 54*u**2 + 10*u - 3. Let q(o) = -272*o**2 - 51*o + 15. Let p(k) = 2*q(k) + 11*s(k). What is the units digit of p(2)?
3
Let w = 107 + 122. What is the units digit of w?
9
Suppose 0 = 3*k + 3, 0 = 9*r - 12*r - 2*k + 1717. What is the hundreds digit of r?
5
Let a = -19 + 22. Suppose -a*x - 2*n + 46 = 0, n = 2*x + 4*n - 24. What is the units digit of x?
8
Suppose 5*i - 94 = p, 4*i - 15 - 41 = -4*p. Suppose -2*d + 5 = 5*r - i, -4*r = -4*d + 4. Suppose r*c = -c + 104. What is the tens digit of c?
2
Let l(m) = -46*m - 11. Let p be l(7). Let f = 639 + p. What is the tens digit of f?
0
Let s(y) = 3 + y**3 + 5*y + y**2 - 5*y + 0. Let x be s(0). Suppose x*p = 2*n + 64, 0 = -3*p - 5*n + 21 + 29. What is the tens digit of p?
2
Let j = 434 + -249. Suppose 0 = -x + 2*x - 2*a - 63, 3*x - 4*a = j. What is the units digit of x?
9
Let g(y) = -2*y**3 - 2*y**2 + 15*y + 5. Let r be g(-5). Suppose -2*k - r = -4*k. What is the tens digit of k?
6
Suppose k + 8 = 2*a - 7*a, -28 = 2*k - 2*a. Let f = 54 - k. What is the units digit of f?
7
Let r(u) = -u**3 + 8*u**2 + 8*u + 9. Let k be r(9). Suppose k = 5*i - 100 - 200. Suppose 4*w + c = 5*c + i, 2*c + 78 = 5*w. What is the tens digit of w?
1
Let o(a) = -a**2 - 21*a - 12. Let g be o(-20). Suppose t - g = 37. Suppose -2 + t = s. What is the tens digit of s?
4
Suppose -4*o = -5*y - 8309, 6*y - 7*y + 4137 = 2*o. What is the hundreds digit of o?
0
Suppose 2*f + 180 = -2*h + 944, -h - 1 = 0. What is the units digit of f?
3
Let j(u) = 62*u**2 - 3*u - 1. Let z = 9 + -11. What is the units digit of j(z)?
3
Suppose f - 298 = 2*j, 4*f - 11*j - 1180 = -6*j. What is the hundreds digit of f?
2
Suppose -220 = -4*q - 48. Let t = -34 + q. What is the units digit of t?
9
Let q(f) = 6*f - 1. Let a = 5 - 10. Let u(p) = -p**3 - 6*p**2 - 8*p - 10. Let w be u(a). What is the tens digit of q(w)?
2
Suppose 20*x - 12 = 17*x. Suppose -3*q + 130 = 5*d, 0 = x*q - 2*q - 4*d - 50. What is the units digit of q?
5
Let b = 130 + 310. What is the units digit of b?
0
Suppose 6*h - 3416 = 298. What is the tens digit of h?
1
Suppose 2 + 10 = 4*a. Suppose -3*t + 128 = 2*g, a*t + 0*t = 2*g + 136. What is the tens digit of t?
4
Suppose 0 = -x + k - 1, 4*k + 1 = -7. What is the units digit of 2*2 + (-4 + -14)*x?
8
Suppose a + 4*a = 5*s - 125, 0 = 4*s + 4*a - 68. Let c(u) = 12*u - s - u**3 + 5*u**2 + 2*u**2 + 11. What is the tens digit of c(8)?
2
Let s(r) = -81*r - 171. Let h(f) = 8*f + 17. Let l(c) = 21*h(c) + 2*s(c). What is the units digit of l(10)?
5
Let l be -3 - 6/((-3)/((-519)/(-2))). Suppose -l = 2*t - 6*t. What is the units digit of t?
9
Let j = 6058 - 3291. What is the units digit of j?
7
Let o be (81/(-54))/(6/(-92)). Let m = 47 - o. Let f = 64 - m. What is the tens digit of f?
4
Suppose -22 = -3*w + 3*j - 1, 2*j + 3 = w. Suppose w*y - 102 = 294. What is the tens digit of y?
3
Let m(y) = -y**2 - y + 26. Let v be m(0). Let w = v - -6. Suppose 20 = c + q, w = c - 3*q - 2*q. What is the tens digit of c?
2
Let p be (-1)/(-3) + (-32)/(-12). Suppose 0 = -2*i + 2, p*i + 27 = -2*h - 4. What is the units digit of 0 - (h - (-4 - -8))?
1
What is the hundreds digit of ((10/2)/(-5))/((-1)/749)?
7
Suppose 11 = 2*q + 1. Suppose -